e factors of 176457765.
3, 5, 11, 1069441
What are the prime factors of 25709115?
3, 5, 1713941
List the prime factors of 47873606.
2, 11, 29, 75037
List the prime factors of 45849485.
5, 11, 389, 2143
List the prime factors of 1889324064.
2, 3, 349, 18797
What are the prime factors of 86229889?
86229889
List the prime factors of 363666266.
2, 37, 281, 17489
What are the prime factors of 4206215?
5, 13, 163, 397
List the prime factors of 1100183217.
3, 7, 41, 839, 1523
List the prime factors of 1263834950.
2, 5, 7, 73693
What are the prime factors of 124043665?
5, 59, 199, 2113
What are the prime factors of 795735881?
17, 46807993
List the prime factors of 121497753.
3, 13, 23, 135449
List the prime factors of 7622699280.
2, 3, 5, 7, 797, 5693
What are the prime factors of 2945427038?
2, 17, 113, 766639
List the prime factors of 13934357.
13934357
What are the prime factors of 214852663?
113, 643, 2957
What are the prime factors of 271732370?
2, 5, 7, 13, 298607
List the prime factors of 198228934.
2, 99114467
What are the prime factors of 1817627664?
2, 3, 29, 37, 35291
List the prime factors of 1093274415.
3, 5, 163, 16561
What are the prime factors of 321894365?
5, 13, 433, 11437
What are the prime factors of 536951614?
2, 14387, 18661
List the prime factors of 1561930419.
3, 7, 103, 14737
List the prime factors of 297341210.
2, 5, 29734121
List the prime factors of 2477574171.
3, 137, 2009387
What are the prime factors of 94398201?
3, 43, 353, 691
What are the prime factors of 455527690?
2, 5, 45552769
What are the prime factors of 3579554234?
2, 1789777117
List the prime factors of 5975931284.
2, 29, 709, 72661
List the prime factors of 168689621.
41, 89, 46229
List the prime factors of 38995615.
5, 107, 72889
What are the prime factors of 320425322?
2, 7, 151, 151573
List the prime factors of 1053680340.
2, 3, 5, 19, 924281
List the prime factors of 100942195.
5, 107, 188677
What are the prime factors of 263428654?
2, 19, 6932333
What are the prime factors of 403793225?
5, 11, 19, 109, 709
What are the prime factors of 34170944?
2, 533921
List the prime factors of 249878779.
249878779
What are the prime factors of 581913769?
197, 1039, 2843
List the prime factors of 37495125.
3, 5, 33329
What are the prime factors of 313268810?
2, 5, 31326881
List the prime factors of 2499360847.
101, 24746147
List the prime factors of 234838529.
41, 367, 15607
What are the prime factors of 2234726605?
5, 31, 14417591
What are the prime factors of 295628957?
13, 1979, 11491
What are the prime factors of 212293604?
2, 53073401
What are the prime factors of 1938456167?
257, 1597, 4723
List the prime factors of 434572079.
41, 10599319
List the prime factors of 179673071.
179673071
List the prime factors of 1119420128.
2, 34981879
List the prime factors of 214336365.
3, 5, 14289091
List the prime factors of 1112174873.
1112174873
What are the prime factors of 17249151?
3, 41, 140237
List the prime factors of 95776028.
2, 17, 829, 1699
What are the prime factors of 2424741163?
13, 1709, 109139
What are the prime factors of 60566535?
3, 5, 79, 631
List the prime factors of 146784541.
146784541
List the prime factors of 1915675780.
2, 5, 373, 491, 523
What are the prime factors of 126954967?
9689, 13103
What are the prime factors of 2382262567?
18913, 125959
What are the prime factors of 830415201?
3, 7, 11, 17, 1777
List the prime factors of 88509358.
2, 7, 1279, 4943
List the prime factors of 179304281.
13, 43, 320759
What are the prime factors of 1209659452?
2, 97, 3117679
What are the prime factors of 5961436?
2, 13, 114643
What are the prime factors of 1634272742?
2, 59, 827, 16747
List the prime factors of 41661716.
2, 10415429
List the prime factors of 909018843.
3, 19, 15947699
What are the prime factors of 309277074?
2, 3, 1621, 31799
What are the prime factors of 4605811376?
2, 287863211
List the prime factors of 296074470.
2, 3, 5, 9869149
List the prime factors of 1863603782.
2, 1753, 531547
What are the prime factors of 33369663?
3, 11123221
List the prime factors of 203299244.
2, 50824811
What are the prime factors of 415769437?
439, 947083
What are the prime factors of 10507653?
3, 13, 89809
List the prime factors of 23421327.
3, 1459, 5351
List the prime factors of 2287101001.
17, 173, 777661
What are the prime factors of 4887793?
4887793
What are the prime factors of 1025942715?
3, 5, 7, 19, 23, 29, 257
List the prime factors of 120102925.
5, 37, 129841
List the prime factors of 2254232183.
7, 322033169
What are the prime factors of 139044367?
7, 11, 167, 983
What are the prime factors of 8634467?
8634467
List the prime factors of 3680549227.
197, 401, 46591
List the prime factors of 347259263.
13, 26712251
List the prime factors of 13507615.
5, 11, 245593
List the prime factors of 3032010239.
3527, 859657
List the prime factors of 144551013.
3, 199, 242129
List the prime factors of 2041808905.
5, 73, 163, 34319
List the prime factors of 76136339.
29, 283, 9277
What are the prime factors of 217654624?
2, 11, 618337
List the prime factors of 631625740.
2, 5, 19, 419, 3967
What are the prime factors of 130245772?
2, 17, 37, 51767
List the prime factors of 21875198.
2, 601, 18199
List the prime factors of 3482022024.
2, 3, 13, 331, 11239
What are the prime factors of 88111573?
11, 8010143
What are the prime factors of 163117763?
163117763
List the prime factors of 1098956978.
2, 7, 4621, 16987
What are the prime factors of 267173774?
2, 7, 2726263
List the prime factors of 976789082.
2, 773, 631817
List the prime factors of 16481462.
2, 8240731
List the prime factors of 988267397.
13, 76020569
What are the prime factors of 34647741?
3, 79, 48731
What are the prime factors of 20721763?
20721763
List the prime factors of 18082654.
2, 9041327
What are the prime factors of 586888984?
2, 11, 241, 27673
List the prime factors of 33445295.
5, 13, 514543
What are the prime factors of 66509731?
29, 2293439
List the prime factors of 5614411382.
2, 2807205691
What are the prime factors of 145979799?
3, 7, 17, 461, 887
What are the prime factors of 230541902?
2, 359, 547, 587
What are the prime factors of 495743927?
7, 53, 190891
List the prime factors of 22773514.
2, 19, 599303
What are the prime factors of 550572167?
550572167
List the prime factors of 51846097.
179, 289643
List the prime factors of 422706738.
2, 3, 577, 122099
List the prime factors of 501358752.
2, 3, 1740829
List the prime factors of 185512102.
2, 47, 61, 32353
List the prime factors of 84214860.
2, 3, 5, 103, 13627
What are the prime factors of 858737199?
3, 61, 4692553
What are the prime factors of 107862219?
3, 3994897
List the prime factors of 440481724.
2, 199, 553369
What are the prime factors of 64503333?
3, 211, 33967
List the prime factors of 6972849587.
11, 633895417
List the prime factors of 22796756.
2, 881, 6469
List the prime factors of 347506104.
2, 3, 11, 1316311
What are the prime factors of 792912080?
2, 5, 757, 13093
List the prime factors of 919493612.
2, 229873403
List the prime factors of 207945075.
3, 5, 13, 271, 787
What are the prime factors of 165523736?
2, 7, 2955781
What are the prime factors of 57521125?
5, 37, 12437
List the prime factors of 17673294.
2, 3, 139, 21191
What are the prime factors of 1304319584?
2, 443, 92009
List the prime factors of 1427918869.
13, 31, 311, 11393
What are the prime factors of 143134106?
2, 19, 23, 389, 421
What are the prime factors of 1373355374?
2, 686677687
What are the prime factors of 67857296?
2, 13, 41, 73, 109
List the prime factors of 148470644.
2, 7, 109, 48647
What are the prime factors of 4193126062?
2, 20533, 102107
List the prime factors of 6609162464.
2, 19, 503, 21611
List the prime factors of 463566466.
2, 11, 21071203
List the prime factors of 102492151.
79, 1297369
What are the prime factors of 170212183?
151, 821, 1373
List the prime factors of 97623034.
2, 131, 372607
List the prime factors of 1576005641.
7, 281, 347, 2309
What are the prime factors of 197978841?
3, 19, 1157771
What are the prime factors of 3118050533?
13, 41, 73, 127, 631
What are the prime factors of 180024056?
2, 2543, 8849
List the prime factors of 2594611626.
2, 3, 12401, 34871
List the prime factors of 262165049.
262165049
What